 Suppose -2*i = r - 102, y*r + i = 5*r + 321. Calculate the highest common factor of r and 12.
12
Let l(f) = 52*f**2 - 51*f**2 + 0 + 8. Let h be l(7). Let s = h - 12. Calculate the greatest common factor of 15 and s.
15
Suppose 15770 = -27*h + 31*h + 2*x, -15779 = -4*h + x. What is the highest common divisor of 34 and h?
34
Let k be (2112/220)/((-3)/((-90)/4)). What is the greatest common factor of 264 and k?
24
Let b = 3 + -1. Let a be 2*((-36)/(-8) + (-3)/(-3)). Let k = 13 - a. What is the greatest common factor of b and k?
2
Suppose 18 - 63 = -5*y. Suppose 0 = 2*k + 4*f + 32 + 46, 0 = -3*k - 4*f - 115. Let d = k + 40. What is the highest common divisor of d and y?
3
Let t = 3275 - 2222. Suppose 3*c - t = -5*i, 3*i + 2*c = -61 + 692. Suppose i + 165 = 6*d. Calculate the highest common factor of 7 and d.
7
Suppose -22*l - 58 = -2*d - 27*l, -d + l = -15. Calculate the highest common divisor of d and 361.
19
Suppose -108 = -3*w + 5*v, 2*w - 71 = 3*v + 1. Calculate the greatest common factor of 1164 and w.
12
Suppose -3*s + q = 2*q + 19, 4*s - q = -23. Let o(n) = -3 - 9*n**2 + n**3 + 3*n - 3*n + 18*n**2. Let h be o(s). What is the greatest common factor of h and 21?
21
Let v(t) = t**2 + 12*t + 7. Let d be v(-10). Let x = 34 + d. Let k be (14/x)/(2/3). What is the highest common divisor of k and 8?
1
Let m = 54 + -42. Suppose 2*l = -2*l + m. What is the highest common factor of 12 and l?
3
Suppose 0 = -w + 5 - 0. Suppose -2*f + 4*f - 12 = -4*u, 2 = -4*f + w*u. Suppose -7*a + 60 = -f*a. What is the highest common divisor of a and 8?
4
Let s(n) = -n - 3. Let b be s(-8). Suppose -b*i = -4*j - 36, 2*i + 6*j - j = -12. Suppose -i*q = -2*q - 24. Calculate the highest common factor of q and 60.
12
Let m be 5 - 2/(-1 - -3). Let d = 16 - 23. Let y = 19 + d. Calculate the highest common factor of y and m.
4
Let g be (-8)/10*70/(-4). Suppose 1 = 3*n - 11*t + 16*t, t - 31 = -5*n. Calculate the highest common divisor of g and n.
7
Suppose 0 = -s - 5*r + 248, 1298 = 5*s - 6*r + 2*r. Suppose 14*m - 16*m = -s. Calculate the highest common divisor of m and 43.
43
Let g = 18 + 39. Let t(s) = -2 - 42*s - 48*s + 3*s**2 + 88*s. Let y be t(4). What is the greatest common divisor of y and g?
19
Let n be (1/(-3))/(9/(-54)). Let g be ((-1)/n)/(7/(-1050)). Calculate the greatest common divisor of 15 and g.
15
Suppose -8*j = -162 - 38. Suppose -25 = -2*k - 5. What is the highest common divisor of k and j?
5
Let n(s) = 4*s - 20. Let l be n(7). Suppose -4*p - 36 = -l*p. What is the highest common factor of 9 and p?
9
Suppose 0 = i + 4*h - 2, 4*i + 3*h = -4 - 1. Let q be 49/(2/(i - -4)). Let k = -15 - -22. What is the greatest common divisor of q and k?
7
Let i = -249 + 327. What is the greatest common divisor of i and 39?
39
Suppose -5*f - d + 106 = 0, 5*d = 2*d + 3. Let l be 4/3 - (-266)/f. What is the greatest common divisor of l and 14?
14
Let t(p) = -24*p**3 + p**2 - 1. Let x be t(-1). Let f be (60/x)/(1/4). Calculate the highest common divisor of 30 and f.
10
Let a = 1645 + -1474. What is the highest common factor of a and 36?
9
Let r = -24 - -54. Let q = 4 + -5. Let j(a) = -76*a - 1. Let w be j(q). What is the greatest common divisor of w and r?
15
Let p(f) = 18*f - 16. Let o be p(4). Let n(a) = -2*a - 6. Let k be n(-7). Calculate the greatest common divisor of k and o.
8
Suppose 2*i + i + 3 = 0, -g = -4*i - 83. Suppose 6*y = g + 11. Calculate the highest common divisor of y and 135.
15
Suppose -2*q + 57 - 17 = 0. Let r = -602 - -606. Calculate the highest common factor of r and q.
4
Let k = 1 - -4. Suppose -3*m = -2*m + 3*o - 8, 49 = 4*m - k*o. Let n = 65 + -64. What is the highest common divisor of m and n?
1
Let l = 28 - 21. What is the highest common factor of 1 and l?
1
Suppose 0 = -21*i + i + 260. What is the highest common divisor of i and 117?
13
Let l = -62 - -80. Let f = -4 + l. Suppose -4*w + 320 + 128 = 0. What is the greatest common divisor of w and f?
14
Let y(d) = d**3 + 5*d - 12. Let w be y(3). Suppose 4*n = m + 63, 2*m - m = 5*n - 78. Calculate the greatest common divisor of w and n.
15
Let a be (-3324)/(-32) - 20/(-160). Suppose k = 8 + 5. Calculate the highest common divisor of a and k.
13
Let n(l) = 5*l**3 - 2*l**2 - 7. Let p = -72 + 75. Let v be n(p). Calculate the highest common factor of 44 and v.
22
Let w = -101 + 43. Let v = 91 + w. What is the highest common factor of v and 33?
33
Suppose 4*x = 2*l - 494 + 42, -4*x + 1200 = 5*l. Calculate the greatest common factor of l and 177.
59
Suppose 4*x - 4*b = -x + 101, 3*x + 2*b = 65. Calculate the highest common divisor of 49 and x.
7
Let x(n) = n**3 + 8*n**2 - 8*n + 9. Let s be x(-9). Suppose 4*l + l - 5 = s. Let j = l + 8. What is the highest common factor of j and 72?
9
Let h = 9 - 4. Suppose h*r - r - 756 = 0. Suppose 0 = -5*w + r - 9. Calculate the greatest common factor of w and 54.
18
Let i(r) = 2*r**2 - 27*r + 71. Let q be i(3). What is the greatest common divisor of q and 26?
2
Let n = -11 + 44. Let v = 2380 + -2358. What is the highest common factor of n and v?
11
Suppose -8169 = -15*i + 14031. Calculate the greatest common divisor of i and 40.
40
Suppose 3*r + r = 220. Let l be 21/3 + -2 + -2 + 25. Let v = l - 6. What is the highest common factor of r and v?
11
Let d = -20 + 23. Suppose -2*z = -z + k - 63, -317 = -5*z - d*k. What is the highest common divisor of 16 and z?
16
Let a(n) = -n**3 - 5*n**2 + 10*n + 27. Let t be a(-6). Suppose -5*b + 3*u = -221, -t*u - 2 = -2*u. Calculate the highest common divisor of b and 43.
43
Let v be 161483/345 + 1/(-15). Calculate the greatest common divisor of v and 24.
12
Let t(d) = 2*d - 8. Let w be t(3). Let n be (24 - 0)/w*(-232)/12. Let y = -37 + 66. What is the highest common factor of n and y?
29
Suppose c - 2*x = 62, 0*c + 5*x - 235 = -5*c. Let d be 7*6/(-14)*(-754)/87. Calculate the highest common factor of d and c.
26
Suppose -94*w + 8200 = -12*w. Let j(b) = 2*b**3 + 2*b**2 - 3*b + 2. Let d be j(4). What is the highest common divisor of d and w?
50
Let z(b) = 3*b**3 + 2*b**2 - 5*b + 8 + 3*b - 5. Let w be z(-3). Let p be -3*24/27*w. Calculate the greatest common factor of p and 16.
16
Let p = 7 - 4. Let b = 24 + -10. Suppose 3*a = -l + 5*l + b, -2 = -2*l. Calculate the greatest common divisor of p and a.
3
Let a(i) = i**2 - 2. Suppose 0*n + 8 = 3*z - 2*n, 5*z + 2*n = 24. Let x be (-3)/(-24)*4*z. Let j be a(x). Calculate the greatest common divisor of j and 14.
2
Suppose 3*f = 13 - 4. Let d be (3/6)/(f/246). Suppose -d - 109 = -5*n. Calculate the greatest common factor of 30 and n.
30
Let r(v) = -v + 11. Let j be r(6). Let h = 9 - 5. Suppose -1 - h = -i. Calculate the highest common divisor of i and j.
5
Let p(q) = 2*q**2 - 33*q + 66. Let c be p(16). Calculate the highest common divisor of 725 and c.
25
Let p be ((-80)/6*-1)/((-10)/(-75)). Let a be -2 + (-7)/((-14)/p). Calculate the greatest common factor of 48 and a.
48
Suppose -4 = -3*a + 5. Suppose -a*r - 4*k + 776 = 0, 2*k - 3*k = r - 257. Calculate the highest common factor of r and 28.
28
Let c = -83 - -125. Let a be (2 + (-6)/21)*c. Calculate the highest common factor of a and 9.
9
Suppose -3*u + 25 + 17 = 0. Let v = -23 + 26. Suppose h - 3 = -2*a, 5*a = v*h + 5 - 36. What is the highest common factor of h and u?
7
Let h be (-2 - -1)/(561/(-112) + 5). Suppose 0 = 4*v + 5*t - h, 5*v - 111 = 2*t - t. What is the highest common divisor of v and 138?
23
Let k(q) = 10*q**3 + 1. Let a be k(1). Let i(b) = -14 + 8*b**2 - 8*b**2 - b**2 - 7*b + 27*b. Let c be i(a). What is the highest common factor of c and 17?
17
Suppose 7*y + 216 = 538. Suppose 42*d - y*d + 120 = 0. Calculate the highest common factor of d and 15.
15
Suppose 11*v = 428 + 1992. What is the greatest common divisor of 352 and v?
44
Let k be (9/6)/(3/4). Suppose 52 = k*n - 200. Let t = 4 - -14. Calculate the greatest common factor of n and t.
18
Let p be 1600/(-35) + 2 - (-4)/(-14). Let z = p - -65. What is the highest common factor of z and 14?
7
Suppose -3*g + 286 = 112. Calculate the greatest common factor of g and 58.
58
Let z(o) = -o + 22. Let l be z(9). Suppose 0*c + l = d + c, -3*d + 5*c - 1 = 0. What is the greatest common divisor of 72 and d?
8
Suppose x - 3*m - 291 = -11, 280 = x + 5*m. Calculate the highest common facto